p is divided by 45?
15
Let i = 53 - 30. Suppose 5*v - q = i, 3 = -4*v + 3*q + 17. What is the remainder when 9 is divided by v?
4
Suppose 2*s = -4*a + 214, -9*a - 95 = -11*a + 3*s. Let t be (-4)/(-6) + (-32)/3. Let w = 28 + t. What is the remainder when a is divided by w?
16
Let b(c) = -c**3 - 6*c**2 - 6*c + 6. Let t be -1*6 + (-8)/(-4). Let q be (1 - (-8)/t)*5. What is the remainder when 32 is divided by b(q)?
10
Let c = 28 - 13. Suppose c*o = 7*o + 128. Let z = -36 + 83. Calculate the remainder when z is divided by o.
15
Let m(j) = -2*j**2 + j + 66. Let f be 0/((2/6)/(2/12)). What is the remainder when m(f) is divided by 23?
20
Let l = -1882 - -1902. What is the remainder when 238 is divided by l?
18
Suppose 2 = -y + 4. Suppose 84 = -38*b + 84. Suppose -3*j - 18 = -5*g + j, -2*g - j + y = b. What is the remainder when g is divided by 2?
0
Let o(b) = -b**3 - 22*b**2 - 12*b + 285. What is the remainder when 300 is divided by o(-21)?
12
Let c(b) be the first derivative of b**3/3 + 2*b**2 + b + 25. What is the remainder when c(-13) is divided by 40?
38
Suppose 0 = -y + 2*y - 11. What is the remainder when y is divided by 10?
1
Let j be (-4)/(-3)*-3*(-123)/6. Let y = j - 40. What is the remainder when y is divided by 11?
9
Let m(d) = 16*d**2 - 50*d + 286. Calculate the remainder when m(5) is divided by 34.
28
Let n = -7 + 11. Suppose n*y = 3*y + 119. Let l = y + -68. Calculate the remainder when l is divided by 18.
15
Let j = 10 + -4. What is the remainder when 70 is divided by j?
4
What is the remainder when (-4)/((12/8)/(6/(-8))) is divided by 2?
0
Suppose 16 = 2*k - 0*k. Let l = k + 21. Calculate the remainder when 144 is divided by l.
28
Let g = 50 + -49. Calculate the remainder when 27 is divided by (2/(-6))/(g/(-42)).
13
Suppose -2*r - 5*p = -r + 9, -4*p - 71 = -5*r. Let h(s) = -2*s**2 + 4*s**2 - 1 - s**2 - 9*s. Calculate the remainder when h(11) is divided by r.
10
Let w(j) = 4*j - 6. Let t(o) be the second derivative of 3*o**4/2 + o**3/3 + o**2/2 + 3*o. Calculate the remainder when t(-1) is divided by w(4).
7
Let g(q) = -q**2 + 51*q - 315. What is the remainder when 33 is divided by g(43)?
4
Let o = 8 - 4. Suppose o*i = i + 78. Calculate the remainder when i is divided by 11.
4
Let m(i) = -2*i + 16. Let o = -37 + 28. What is the remainder when m(o) is divided by 12?
10
Let v(o) = -3*o + 1. Let a be v(0). Suppose -p = a - 19. Calculate the remainder when 34 is divided by p.
16
Let g(a) = -a + 23. Let o be g(14). Let r = 36 + o. Calculate the remainder when r is divided by 16.
13
Suppose -542 = j - 563. Suppose 5*t - 526 = -3*l, 0 = t - l - 75 - 27. What is the remainder when t is divided by j?
20
Let h be (-2 - -1)*-6*(-1)/(-2). Calculate the remainder when 19 is divided by (6 + -3 - h) + 14.
5
Let g be (-3)/(-15) - 177/(-15). Let y(c) = c**3 - 13*c**2 + 13*c - 12. Let z be y(g). Suppose z = -a - a + 6. What is the remainder when 3 is divided by a?
0
Let m = 307 + -274. What is the remainder when 140 is divided by m?
8
Let g = 587 + -401. What is the remainder when g is divided by 27?
24
Let x be (49/(-4))/(1 + 25/(-20)). Suppose 0 = -x*s + 45*s + 356. What is the remainder when s is divided by 23?
20
Let d(s) = -6*s**2 + 119*s - 11. What is the remainder when d(19) is divided by 28?
0
Let s = -124 - -186. What is the remainder when s is divided by 9?
8
Let m(p) = -17*p**3 - p**2 + 5*p + 7. Calculate the remainder when m(-1) is divided by (2/(-2))/(2/(-20)).
8
Suppose -19*c = -15*c - 72. Let j be (4 - 3)/(3/c). Calculate the remainder when j/((-4)/10 - -1) is divided by 7.
3
Suppose 2*l = l + 5. Let x = -73 - -25. Let a = l - x. Calculate the remainder when a is divided by 28.
25
Suppose 2702*o - 2706*o + 28 = 0. Calculate the remainder when 17 - (1 + -2 + 0) is divided by o.
4
What is the remainder when 78 is divided by (-308)/66*27/(-6)?
15
Let r be (27/(-6))/((-12)/16). Suppose -r*m + 4 = 46. Let o(x) = x**3 + 8*x**2 - 4*x - 4. What is the remainder when o(m) is divided by 19?
16
Let y = -3 - -1. Suppose -13338 = 57*o - 16*o - 212*o. What is the remainder when o is divided by y - (-23 - 0) - 1?
18
Let u = -2 + 4. Let m be 227 + (-6)/(-3) - 156/26. Suppose m = u*g + 59. Calculate the remainder when g is divided by 12.
10
Let d = -17 - -24. Let j(i) = -6*i**2 - i**2 + 0 - 3 + 8*i**2 - 2*i. What is the remainder when d is divided by j(-2)?
2
Let t(f) = -f + 20. Let s(m) be the first derivative of m**2 - 41*m + 1. Let z(o) = 2*s(o) + 5*t(o). Calculate the remainder when z(0) is divided by 10.
8
Let d = -7 - -19. Suppose -15 = -3*c + d. What is the remainder when 24 is divided by c?
6
Suppose -4*j + 26 + 50 = 0. Let r be (-8 + 169)*(-6)/(-7). Suppose 0*l + 3*i + 67 = l, -2*l + r = -2*i. What is the remainder when l is divided by j?
13
Let d = 1112 - 1075. What is the remainder when 367 is divided by d?
34
Let p = 543 + -526. Calculate the remainder when 1848 is divided by p.
12
Suppose 3*h - 8350 = -5*m + 762, 5*h = 3*m + 15198. What is the remainder when h is divided by 18?
15
Let m = -153 + 221. What is the remainder when m is divided by 12?
8
Suppose 0 = -4*z - 3*a + 351, 0 = 3*z - 2*z - 5*a - 82. Let c = 39 + -9. Calculate the remainder when z is divided by c.
27
Suppose -44 = -5*x + 211. Let o(q) = 28*q**2 - 2071*q - 53. What is the remainder when x is divided by o(74)?
9
Suppose 0 = 4*x - 73 - 255. Let s(u) = u**3 + u**2 - u + 14. Let w be s(0). Suppose -42 = -2*r + w. Calculate the remainder when x is divided by r.
26
Suppose -312*y - 1827 = -319*y. What is the remainder when y is divided by 67?
60
Let w(p) = -4*p - 7. Calculate the remainder when (2/4)/(525/518 - 1) is divided by w(-5).
11
Suppose -3*d = k - 0*k + 61, -27 = d - k. Let t = -7 - d. What is the remainder when t is divided by 5?
0
Suppose -44*p = -41*p. Calculate the remainder when 31 is divided by (-1 + -1 + p)*(54 - 56).
3
Suppose 8*i - 106 = 6. Calculate the remainder when 139 is divided by 8/2 + (i - (-1 + 5)).
13
Let v = 34 + -34. Suppose 0 = -4*k + 12, 2*p + v*p + 3*k - 31 = 0. What is the remainder when 20 is divided by p?
9
Let y = 216 - 193. What is the remainder when 41 is divided by y?
18
Let l(c) = -2*c**2 - 45. Let f be l(0). Let i = f + 48. Let m(k) = -k**2 + 6*k + 8. What is the remainder when m(6) is divided by i?
2
Let x be -10*(-3)/6 + -3. Suppose -4*u - u + 20 = 4*s, x*s - u - 10 = 0. What is the remainder when 92/s + 6/10 is divided by 10?
9
Suppose 0 = -7*l + 27 + 8. Suppose 53 = 3*g - 4*f, l*f = 5 - 0. What is the remainder when g is divided by 11?
8
Let l be ((-3)/(-9))/(2/72). Suppose -4*k + 4 = -l. Calculate the remainder when k is divided by 3.
1
Let h be ((-8)/(-48) + 31/(-6))*-13. Let y = h - 57. What is the remainder when 13 is divided by y?
5
Suppose 4*l - l = 9. Let k = 5 + l. Suppose 0 = -2*j + 35 - 7. What is the remainder when j is divided by k?
6
Suppose 0 = 5*p + i - 23 - 3, 3*p + 2*i = 17. Calculate the remainder when (-1 + p)*(-290)/(-40) is divided by 8.
5
Let b = -5 - -19. Suppose i - 23 = 4*q, -2*q - 2*q - 29 = -3*i. Suppose i*k - 37 = 125. What is the remainder when k is divided by b?
12
Suppose 5*i - 2*s - s - 78 = 0, -3*i + 58 = s. Suppose -2*p = 3*p - 255. Calculate the remainder when p is divided by i.
15
Suppose -5*d = -10 - 10. Suppose 10*j - d*j = 24. Calculate the remainder when 6 is divided by j.
2
Let a(q) = -6*q - 6. Let x be a(-1). Suppose x = 4*u - 2*g - 378, 87 = u + g - 3*g. What is the remainder when u is divided by 25?
22
Suppose -12 = -a + 4*y, 4*a + 3*y - 3 = -31. Suppose 3*b = 2*q - b + 12, 10 = -3*q + 4*b. What is the remainder when -10*(-2)/(a/(-1)) is divided by q?
1
Suppose -21 = -5*z - 1. Suppose -z*w - 25 = 23. What is the remainder when -87*(4 + 56/w) is divided by 15?
13
Suppose 2*h - 2*p = 22, 4*p + 11 = h + 6*p. Suppose -2*z - 34 = 4*k, -2*k + 4*z + 13 = -z. What is the remainder when h is divided by (-8 + 1)/(k + -3 + 8)?
4
Suppose -20 + 112 = q. Calculate the remainder when q is divided by 5.
2
Suppose 0 = 4*d - d + 39. Calculate the remainder when (12 - d)*6/10 is divided by 6.
3
Let w(u) = u**2 - 11*u + 2. Let m be w(14). Suppose 4*s - 9 = s, -v - 4*s + m = 0. Calculate the remainder when v is divided by 5.
2
Let v(z) = 2*z**3 - 5*z**2 - 2*z - 2. Let j be v(5). Let u = -81 + j. What is the r